{"id":107,"date":"2018-01-10T10:57:45","date_gmt":"2018-01-10T10:57:45","guid":{"rendered":"http:\/\/portal.agromulher.com.br\/?page_id=107"},"modified":"2020-08-10T21:41:17","modified_gmt":"2020-08-11T00:41:17","slug":"sobre-nos","status":"publish","type":"page","link":"https:\/\/agromulher.com.br\/portal\/sobre-nos\/","title":{"rendered":"Sobre N\u00f3s"},"content":{"rendered":"<p><strong>Rede Digital AgroMulher<\/strong><\/p>\r\n<p><strong>Conte\u00fado inteligente para promover o desenvolvimento pessoal e profissional liderado por mulheres do agroneg\u00f3cio<\/strong><\/p>\r\n<p style=\"text-align: left;\">Somos a maior rede de mulheres do agro que tem como prop\u00f3sito a capacita\u00e7\u00e3o, inser\u00e7\u00e3o e valoriza\u00e7\u00e3o das mulheres do agro, atrav\u00e9s de treinamentos on line e off line, eventos e Workshops, plataforma de conte\u00fado, e promo\u00e7\u00e3o de conte\u00fado nas redes sociais.<\/p>\r\n<p style=\"text-align: left;\">Juntos somamos um ecossistema de mais de 60 MIL seguidores nas redes sociais, conte\u00fados publicados diariamente em nossos portais, uma MAILING LIST DE MAIS DE 10 MIIL CONTATOS, postagens com mais de 155 MIL IMPRESS\u00d5ES MENSAIS.<\/p>\r\n<p style=\"text-align: left;\">Selecionamos informa\u00e7\u00f5es relevantes e compartilham conte\u00fado sobre mulheres do agroneg\u00f3cio e grupos formados por elas para promover o empoderamento feminino e a intera\u00e7\u00e3o social, no sentido de fortalecer, unir e motivar para promover a vida profissional e pessoal de nossos seguidores no portal e nas redes sociais. Al\u00e9m disso, o Agromulher promove workshops, palestras, cursos e o Congresso AgroDigital.<\/p>\r\n<p style=\"text-align: left;\">Formamos uma rede de profissionais ligados ao agroneg\u00f3cio, que contribuem mutuamente com suas experi\u00eancias, tiram d\u00favidas e enriquecem nossa comunidade, com intuito de utilizar o conhecimento para gerar melhor aproveitamento do trabalho e sustentabilidade e, assim, mais rendimento e qualidade de vida.<\/p>\r\n<p style=\"text-align: left;\">O Brasil \u00e9 uma pot\u00eancia mundial quando o assunto \u00e9 agroneg\u00f3cio. Segundo estimativa da Confedera\u00e7\u00e3o da Agricultura e Pecu\u00e1ria do Brasil (CNA), o agroneg\u00f3cio contribuiu com 23,5% do PIB brasileiro em 2017, raz\u00e3o pela qual \u00e9 considerado um dos setores mais importantes da economia nacional.<\/p>\r\n<p style=\"text-align: left;\">As mulheres se destacam como grandes l\u00edderes, gestoras e produtoras.<\/p>\r\n","protected":false},"excerpt":{"rendered":"<p>Rede Digital AgroMulher Conte\u00fado inteligente para promover o desenvolvimento pessoal e profissional liderado por mulheres do agroneg\u00f3cio Somos a maior rede de mulheres do agro que tem como prop\u00f3sito a capacita\u00e7\u00e3o, inser\u00e7\u00e3o e valoriza\u00e7\u00e3o das mulheres do agro, atrav\u00e9s de treinamentos on line e off line, eventos e Workshops, plataforma de conte\u00fado, e promo\u00e7\u00e3o de<\/p>\n","protected":false},"author":1,"featured_media":0,"parent":0,"menu_order":0,"comment_status":"closed","ping_status":"closed","template":"page-blocks.php","meta":{"episode_type":"","audio_file":"","podmotor_file_id":"","podmotor_episode_id":"","cover_image":"","cover_image_id":"","duration":"","filesize":"","filesize_raw":"","date_recorded":"","explicit":"","block":"","itunes_episode_number":"","itunes_title":"","itunes_season_number":"","itunes_episode_type":"","footnotes":""},"class_list":["post-107","page","type-page","status-publish"],"_links":{"self":[{"href":"https:\/\/agromulher.com.br\/portal\/wp-json\/wp\/v2\/pages\/107"}],"collection":[{"href":"https:\/\/agromulher.com.br\/portal\/wp-json\/wp\/v2\/pages"}],"about":[{"href":"https:\/\/agromulher.com.br\/portal\/wp-json\/wp\/v2\/types\/page"}],"author":[{"embeddable":true,"href":"https:\/\/agromulher.com.br\/portal\/wp-json\/wp\/v2\/users\/1"}],"replies":[{"embeddable":true,"href":"https:\/\/agromulher.com.br\/portal\/wp-json\/wp\/v2\/comments?post=107"}],"version-history":[{"count":0,"href":"https:\/\/agromulher.com.br\/portal\/wp-json\/wp\/v2\/pages\/107\/revisions"}],"wp:attachment":[{"href":"https:\/\/agromulher.com.br\/portal\/wp-json\/wp\/v2\/media?parent=107"}],"curies":[{"name":"wp","href":"https:\/\/api.w.org\/{rel}","templated":true}]}}